s of 1396?
2, 349
What are the prime factors of 934?
2, 467
List the prime factors of 5183.
71, 73
What are the prime factors of 78918?
2, 3, 7, 1879
What are the prime factors of 1277?
1277
What are the prime factors of 843?
3, 281
List the prime factors of 164.
2, 41
List the prime factors of 3879.
3, 431
What are the prime factors of 10667?
10667
List the prime factors of 44080.
2, 5, 19, 29
What are the prime factors of 13635?
3, 5, 101
List the prime factors of 8586.
2, 3, 53
What are the prime factors of 931?
7, 19
What are the prime factors of 951?
3, 317
List the prime factors of 41327.
11, 13, 17
What are the prime factors of 3322?
2, 11, 151
What are the prime factors of 13147?
13147
List the prime factors of 48386.
2, 13, 1861
What are the prime factors of 11816?
2, 7, 211
List the prime factors of 14728.
2, 7, 263
List the prime factors of 10577.
7, 1511
What are the prime factors of 9550?
2, 5, 191
What are the prime factors of 39722?
2, 19861
List the prime factors of 1165.
5, 233
What are the prime factors of 3409?
7, 487
List the prime factors of 1382.
2, 691
What are the prime factors of 3652?
2, 11, 83
What are the prime factors of 6246?
2, 3, 347
What are the prime factors of 66059?
7, 9437
What are the prime factors of 11694?
2, 3, 1949
What are the prime factors of 7302?
2, 3, 1217
List the prime factors of 1904.
2, 7, 17
What are the prime factors of 679?
7, 97
What are the prime factors of 12992?
2, 7, 29
List the prime factors of 2548.
2, 7, 13
What are the prime factors of 2954?
2, 7, 211
What are the prime factors of 1780?
2, 5, 89
List the prime factors of 926.
2, 463
List the prime factors of 497.
7, 71
What are the prime factors of 2877?
3, 7, 137
List the prime factors of 30782.
2, 15391
List the prime factors of 52029.
3, 41, 47
What are the prime factors of 1163?
1163
List the prime factors of 36099.
3, 7, 191
List the prime factors of 387.
3, 43
What are the prime factors of 117701?
117701
List the prime factors of 4495.
5, 29, 31
What are the prime factors of 2872?
2, 359
List the prime factors of 2276.
2, 569
What are the prime factors of 141?
3, 47
What are the prime factors of 15294?
2, 3, 2549
List the prime factors of 4633.
41, 113
What are the prime factors of 49536?
2, 3, 43
What are the prime factors of 916?
2, 229
List the prime factors of 3231.
3, 359
What are the prime factors of 1456?
2, 7, 13
List the prime factors of 159.
3, 53
What are the prime factors of 123494?
2, 7, 8821
List the prime factors of 49037.
49037
List the prime factors of 19293.
3, 59, 109
What are the prime factors of 3854?
2, 41, 47
List the prime factors of 19839.
3, 17, 389
List the prime factors of 22776.
2, 3, 13, 73
List the prime factors of 9422.
2, 7, 673
What are the prime factors of 23128?
2, 7, 59
List the prime factors of 193.
193
List the prime factors of 101034.
2, 3, 1871
List the prime factors of 11776.
2, 23
What are the prime factors of 15357?
3, 5119
List the prime factors of 4476.
2, 3, 373
List the prime factors of 6754.
2, 11, 307
What are the prime factors of 2596?
2, 11, 59
List the prime factors of 1182.
2, 3, 197
List the prime factors of 188490.
2, 3, 5, 61, 103
What are the prime factors of 4682?
2, 2341
List the prime factors of 166189.
166189
List the prime factors of 1104.
2, 3, 23
What are the prime factors of 32056?
2, 4007
What are the prime factors of 2402?
2, 1201
What are the prime factors of 4176?
2, 3, 29
List the prime factors of 21139.
21139
What are the prime factors of 529?
23
List the prime factors of 1304.
2, 163
List the prime factors of 7377.
3, 2459
What are the prime factors of 52364?
2, 13, 19, 53
List the prime factors of 517.
11, 47
What are the prime factors of 167?
167
What are the prime factors of 4380?
2, 3, 5, 73
List the prime factors of 49910.
2, 5, 7, 23, 31
List the prime factors of 442.
2, 13, 17
List the prime factors of 1964.
2, 491
What are the prime factors of 49589?
17, 2917
List the prime factors of 3395.
5, 7, 97
What are the prime factors of 352?
2, 11
List the prime factors of 29487.
3, 9829
List the prime factors of 210.
2, 3, 5, 7
What are the prime factors of 35489?
23, 1543
List the prime factors of 41178.
2, 3, 6863
What are the prime factors of 3233?
53, 61
List the prime factors of 44227.
47, 941
List the prime factors of 6783.
3, 7, 17, 19
List the prime factors of 764.
2, 191
What are the prime factors of 18468?
2, 3, 19
List the prime factors of 42923.
42923
What are the prime factors of 13831?
13831
List the prime factors of 450.
2, 3, 5
What are the prime factors of 16486?
2, 8243
List the prime factors of 377.
13, 29
List the prime factors of 183847.
157, 1171
List the prime factors of 1949.
1949
List the prime factors of 24597.
3, 911
What are the prime factors of 7574?
2, 7, 541
What are the prime factors of 20413?
137, 149
What are the prime factors of 77?
7, 11
List the prime factors of 2.
2
List the prime factors of 84297.
3, 28099
List the prime factors of 452.
2, 113
What are the prime factors of 937?
937
List the prime factors of 1230.
2, 3, 5, 41
What are the prime factors of 8477?
7, 173
What are the prime factors of 19719?
3, 7, 313
What are the prime factors of 1864?
2, 233
What are the prime factors of 12?
2, 3
List the prime factors of 76363.
7, 10909
What are the prime factors of 2942?
2, 1471
List the prime factors of 1245.
3, 5, 83
List the prime factors of 6038.
2, 3019
List the prime factors of 17767.
109, 163
List the prime factors of 33858.
2, 3, 11, 19
List the prime factors of 1458.
2, 3
What are the prime factors of 94231?
17, 23, 241
List the prime factors of 37611.
3, 7, 199
List the prime factors of 23482.
2, 59, 199
What are the prime factors of 40724?
2, 10181
What are the prime factors of 13895?
5, 7, 397
What are the prime factors of 10456?
2, 1307
What are the prime factors of 6779?
6779
What are the prime factors of 258?
2, 3, 43
What are the prime factors of 72790?
2, 5, 29, 251
What are the prime factors of 68?
2, 17
List the prime factors of 446.
2, 223
What are the prime factors of 56627?
17, 3331
What are the prime factors of 6102?
2, 3, 113
What are the prime factors of 135118?
2, 67559
What are the prime factors of 31064?
2, 11, 353
What are the prime factors of 38910?
2, 3, 5, 1297
List the prime factors of 1314.
2, 3, 73
List the prime factors of 1555.
5, 311
List the prime factors of 4506.
2, 3, 751
List the prime factors of 15399.
3, 29, 59
What are the prime factors of 317?
317
List the prime factors of 4063.
17, 239
What are the prime factors of 16935?
3, 5, 1129
What are the prime factors of 1376?
2, 43
What are the prime factors of 147874?
2, 107, 691
List the prime factors of 2843.
2843
List the prime factors of 927.
3, 103
List the prime factors of 9369.
3, 347
What are the prime factors of 24013?
11, 37, 59
List the prime factors of 467.
467
List the prime factors of 4315.
5, 863
List the prime factors of 1350.
2, 3, 5
List the prime factors of 28611.
3, 11, 17
List the prime factors of 102208.
2, 1597
List the prime factors of 105.
3, 5, 7
List the prime factors of 653.
653
What are the prime factors of 15765?
3, 5, 1051
List the prime factors of 299.
13, 23
What are the prime factors of 2834?
2, 13, 109
List the prime factors of 15270.
2, 3, 5, 509
List the prime factors of 24019.
24019
What are the prime factors of 803?
11, 73
What are the prime factors of 1764?
2, 3, 7
List the prime factors of 8.
2
What are the prime factors of 21160?
2, 5, 23
What are the prime factors of 93029?
41, 2269
What are the prime factors of 785?
5, 157
List the prime factors of 166346.
2, 31, 2683
What are the prime factors of 1087?
1087
List the prime factors of 2612.
2, 653
What are the prime factors of 263?
263
List the prime factors of 4157.
4157
What are the prime factors of 92501?
233, 397
What are the prime factors of 627?
3, 11, 19
List the prime factors of 441.
3, 7
List the prime factors of 3075.
3, 5, 41
What are the prime factors of 2767?
2767
List the prime factors of 89715.
3, 5, 5981
List the prime factors of 817.
19, 43
List the prime factors of 41864.
2, 5233
List the prime factors of 188.
2, 47
List the prime factors of 597.
3, 199
What are the prime factors of 11519?
11519
List the prime f